- 15 = -0*w, -3*w = g + 7. What is the units digit of g?
2
Suppose 6*x - 4*w = 11*x - 347, 5*w = -3*x + 216. Let h(k) = k**2 - 14*k + 5. Let b be h(7). Let s = x + b. What is the tens digit of s?
2
Let o = -15 + 28. Let r(d) = d**3 - 14*d**2 + 12*d + 14. Let n be r(o). What is the units digit of 129/3 + -1 - (-1)/n?
3
Let k = -149 + 128. What is the hundreds digit of (432/k)/((-4)/70)?
3
Let j(o) = -16*o - 6. Let x be j(-16). Suppose x = 5*p - 160. Let n = p - 20. What is the units digit of n?
2
Let s(x) = 122*x**3 + 19*x**2 + 11*x - 7. What is the ten thousands digit of s(5)?
1
Suppose -43*a = -51*a + 35528. Suppose 0 = -8*p + 2527 + a. What is the tens digit of p?
7
Suppose -148*t - 2*t + 4632450 = 0. What is the units digit of t?
3
Suppose 6 = 2*v, -4*v = -208*p + 206*p + 56536. What is the ten thousands digit of p?
2
Suppose 2*n - 4*z = 5*n - 76, 0 = -n + z + 30. Let q = -21 + n. Suppose -3*o + 848 = -2*b, 0 = 5*o - 11*b + q*b - 1412. What is the hundreds digit of o?
2
Let u(n) = 55*n**2 + 2*n + 83. What is the tens digit of u(6)?
7
Suppose 0 = -a - 4, 4*j - 7*j + 4*a = -18271. What is the units digit of j?
5
Suppose -h - 20 = -5*q, 2*h + 7 = 2*q - 1. Let a be 6 + h - (13 - 10). What is the units digit of (-2 - -4) + 140 + -1*a?
9
Suppose -12*t + 13*t - 318 = 0. Let n = -185 + t. What is the tens digit of n?
3
Let y be 2 + -1 + 8 - (47 + -45). Suppose 2 = -y*c + 58. What is the units digit of 172*4/c - 3?
3
Suppose -a + 2*u + 24366 = 6*u, -3*a - 4*u = -73050. What is the thousands digit of a?
4
Let k = 1774 + 1006. What is the units digit of k?
0
Let j(b) = -b**2 - 35*b - 94. Let k be j(-31). What is the thousands digit of -3*k/(-36)*588?
1
Let y(f) = 14*f**2 - 94*f - 104. What is the thousands digit of y(17)?
2
Suppose 27*k = 8*k + 71658 + 125866. What is the hundreds digit of k?
3
Let q(v) = -v**3 - 3*v**2 + 13*v + 14. Let y be 476/(-52) - 8/(-52). What is the tens digit of q(y)?
8
Suppose 0 = -3*r - 5*r + 728. Let z = 100 - r. What is the units digit of (-3)/(z/(-255)) + 3?
8
Suppose 2*i + 200 = 12*i. Suppose -i*n = -16*n - 1556. What is the hundreds digit of n?
3
Suppose b - 8852 = 3*p, 2*b + p - 16014 - 1718 = 0. What is the thousands digit of b?
8
Suppose -5*d + 2*z = -8*d - 3, -2*d - 4*z = 2. What is the tens digit of ((-9)/(-12))/(d/4) + 851?
4
Suppose 0 = -v + 5*a - 15, -2*v + 4*v - 6 = a. Suppose 0 = -5*m + 3*m + x + 747, -767 = -2*m + v*x. What is the units digit of m?
1
Let f = 3 + 6. Suppose -9*g = -4649 + 1859. What is the tens digit of 3/(f/g) + 2/3?
0
Let q(r) = -r**3 - 49*r**2 + 89*r + 6077. What is the tens digit of q(-55)?
3
Let z = 19 + -5. Suppose -m = -3*o + z, -5*o + 5*m = -10 - 0. What is the units digit of (-109)/(-2) - 3/o?
4
Suppose 0 = 711*k - 749*k + 1581750. What is the units digit of k?
5
Let j(w) = 1441*w + 6524. What is the hundreds digit of j(20)?
3
Let n = -324 - -860. Suppose 0 = -4*v + 16, f - 3*v + v - n = 0. What is the hundreds digit of f?
5
Suppose 3*k - b - 16 = 0, -k - b = -0*b. Suppose 0 = 5*s - o - 8303, 0*s - 3*s + k*o + 4992 = 0. Suppose 17*a - 57 - s = 0. What is the tens digit of a?
0
Suppose z - 59 - 264 = 0. Suppose 0 = 5*s - z - 1327. Suppose 4*v + 5*c = -98 + s, 2*c + 71 = v. What is the units digit of v?
3
Let h = 355 - 93. Suppose 2*t = -0*t + h. What is the units digit of t?
1
Let h(x) = -x**3 + x**2 - 2*x - 2. Let p be h(-2). Let m(r) = 7*r - 45. Let k be m(9). What is the hundreds digit of (k/42 + (-328)/p)*-5?
1
Let r = -4224 + 8407. What is the thousands digit of r?
4
Let r = 9712 - -47889. What is the ten thousands digit of r?
5
Suppose 3*h - 4*c = 1216, -5*c - 2420 = -14*h + 8*h. Let b be 2/3 - (-12)/9. Suppose -2*k = -5*n + h, 3*k = b*n + n - 240. What is the tens digit of n?
8
What is the tens digit of (2970 - 3) + 20 + (-264)/24?
7
Suppose -12*k = -3*r + 35868, 0*k - 23948 = -2*r - 4*k. What is the thousands digit of r?
1
Let t(j) = 141*j**2 + 671*j - 2012. What is the units digit of t(3)?
0
Suppose 0 = -5*d - 81 - 349. Let w = 25 - d. Let x = 260 - w. What is the hundreds digit of x?
1
Let j be 2 - -3 - 4 - (0 + -5). Let c = j + 400. What is the hundreds digit of c?
4
Let o = 5393 + 40564. What is the units digit of o?
7
Let p = 13322 - -19092. What is the thousands digit of p?
2
Suppose 100 = 25*o + 10*o + 15*o. Let u(s) = 9*s + 3. Let p be u(-2). What is the units digit of 507*o/10 + (-9)/p?
2
Let a(w) = w**3 + 14*w**2 - 22*w - 4. Let i be (17/5 - 4) + (-327)/5. Let o = 51 + i. What is the hundreds digit of a(o)?
1
Suppose -45*c + 11760 = -42*c - v, -2*c - 4*v = -7826. What is the tens digit of c?
1
Suppose -5*u - 136 = 3*l - 539, u + 137 = l. Let b = l - -390. What is the tens digit of b?
2
Let r(h) = -5*h - 40. Let q be r(-9). Let c be (q/(20/8))/(0 - 2). What is the units digit of (-7)/21*(c + -491)?
4
Let u = 26852 + -13078. What is the tens digit of u?
7
Suppose -26 = -4*q - 18. Suppose 77 = q*m + 3. Suppose -m*f - 50 = -39*f. What is the tens digit of f?
2
Let f = 13097 - 1855. What is the thousands digit of f?
1
Suppose 0 = -5*g + 3*g + w + 1594, -787 = -g - 2*w. Suppose 3*l - g - 144 = 0. What is the units digit of l?
3
Let f = 1016 + -1791. Let u = -400 - f. What is the units digit of u?
5
Let v = -6921 + 15360. What is the thousands digit of v?
8
Suppose 0 = 5*d + 3*s - 91555 - 13212, -4*d + 4*s = -83820. What is the ten thousands digit of d?
2
Let t(u) = 29*u**2 - 25*u + 259. What is the units digit of t(9)?
3
Let y(k) = -71*k - 110. Let w = -111 + 105. What is the units digit of y(w)?
6
Let y = 507 - 503. What is the hundreds digit of (-31 + 43)*357/y?
0
Let q = 4 + -6. Let n be -5 + 1011/6 - 1/q. Let d = -73 + n. What is the tens digit of d?
9
Let y(g) = -g**3 - 11*g**2 - 11*g + 11. Let d be y(-9). Let r = d - -71. What is the units digit of r?
9
Let l be 4*(-1)/((-20)/15). Suppose 5*k = -4*n + 646, l*k + k + 2*n - 512 = 0. Let p = 263 - k. What is the tens digit of p?
3
Let n(i) = -123*i - 61. Let o be n(-8). Suppose 0 = -4*k + 2*w + 3*w + o, 2*k - 3*w = 459. What is the units digit of k?
7
Let s be (-13)/((-208)/(-24)) + (-974)/4. What is the thousands digit of 315*(-7)/(s/150)?
1
Suppose -30*n + 90 = -24*n. Suppose -n*t = -18*t + 735. What is the units digit of 3/(t/354 + (-12)/18)?
8
Let p be (-351)/(-36) + (-6)/8. Let l = p + 34. Let k = 116 - l. What is the tens digit of k?
7
Suppose -9*y + 118 = -10*y. Suppose 2*c - 5*b - 3 = 0, 3*c + 1 = 3*b - b. What is the units digit of y/(-6)*(-6)/(-2) + c?
8
Suppose 449439 = -2*q + 113*q. What is the tens digit of q?
4
Let t = -128 - -122. Let j(z) be the third derivative of z**6/120 + z**5/12 - 3*z**4/8 - 4*z**3/3 + z**2. What is the units digit of j(t)?
0
Suppose -392535 = -9*p - 90*p. What is the hundreds digit of p?
9
Let k(w) = w**2 + 23*w + 40. Let r be k(-21). What is the units digit of (3/r)/((-69)/65550)?
5
Let s be (3/((-6)/43))/((-4)/24). Suppose -17971 - s = -20*j. What is the hundreds digit of j?
9
Let r be (-2)/(-5 + 1 - -2)*307. Suppose 12*s - r = 989. What is the tens digit of s?
0
Suppose -107713 = -46*y + 180891. What is the hundreds digit of y?
2
Let u be ((-3 - -4) + 1)*(-3)/(-2). Suppose 2*z - 2298 = -u*z + 3*w, 4*z = 2*w + 1840. What is the units digit of z?
2
Let b(v) = 951*v - 25. What is the hundreds digit of b(9)?
5
Suppose 67*j + 50*j - 2159820 = 0. What is the ten thousands digit of j?
1
Let t be -51*(6/(-15))/(15/(-25)). What is the hundreds digit of (-1 - t)/((-9)/(-321))?
1
Let a = -335 - -201. What is the units digit of -7 - 72/(-9) - (1 + a)?
4
Let y(v) = -45*v**2 + 20*v + 5. Let h be y(-3). Let i = -224 - h. What is the hundreds digit of i?
2
Suppose -4*a = 9 - 25. Suppose -1314 - 442 = a*b. Let t = -277 - b. What is the units digit of t?
2
Suppose 0 = -f + 3, 2*t - f = -0*t + 5. Suppose 1180 = 4*k + t*s, -2*s + 4*s = -3*k + 889. What is the tens digit of k?
9
Suppose -3*u + 1100 - 353 = 0. Let y be -2 + 1/(1/(-155)). Let c = u + y. What is the tens digit of c?
9
Let v(i) = 158*i + 142. Let p be v(31). Suppose j + 7*j = p. What is the hundreds digit of j?
6
Suppose -3*w + 11 = -w - 5*o, 3*o + 37 = 5*w. Let t(u) be the first derivative of -u**4/4 + 3*u**3 - 3*u**2 + 9*u + 8. What is the tens digit of t(w)?
2
Suppose 0 = -3*v + 4*q + 87069, 0 = 8*v + 2*q - 116164 - 115982. What